{"id":312,"date":"2022-01-21T14:04:59","date_gmt":"2022-01-21T14:04:59","guid":{"rendered":"https:\/\/cantachimutri.org\/?page_id=312"},"modified":"2024-09-05T11:54:18","modified_gmt":"2024-09-05T11:54:18","slug":"reserva-de-plaza-2","status":"publish","type":"page","link":"https:\/\/cantachimutri.org\/?page_id=312","title":{"rendered":"Reserva de plaza"},"content":{"rendered":"<div class=\"wp-block-columns alignfull is-layout-flex wp-container-core-columns-is-layout-9d6595d7 wp-block-columns-is-layout-flex\"><div class=\"wp-block-column is-layout-flow wp-block-column-is-layout-flow\"><\/div><\/div><div class=\"wp-block-columns alignfull are-vertically-aligned-center is-style-twentytwentyone-columns-overlap is-layout-flex wp-container-core-columns-is-layout-9d6595d7 wp-block-columns-is-layout-flex\"><div class=\"wp-block-column is-layout-flow wp-block-column-is-layout-flow\"><div class=\"wp-block-image is-style-twentytwentyone-border\"><figure class=\"aligncenter size-full is-resized\"><img loading=\"lazy\" decoding=\"async\" width=\"507\" height=\"539\" src=\"https:\/\/cantachimutri.org\/wp-content\/uploads\/2021\/12\/66.jpg\" alt=\"\" class=\"wp-image-72\" style=\"width:-34px;height:-36px\" srcset=\"https:\/\/cantachimutri.org\/wp-content\/uploads\/2021\/12\/66.jpg 507w, https:\/\/cantachimutri.org\/wp-content\/uploads\/2021\/12\/66-450x478.jpg 450w, https:\/\/cantachimutri.org\/wp-content\/uploads\/2021\/12\/66-282x300.jpg 282w\" sizes=\"auto, (max-width: 507px) 100vw, 507px\" \/><\/figure><\/div><\/div><\/div><div class=\"wp-block-columns alignfull is-layout-flex wp-container-core-columns-is-layout-9d6595d7 wp-block-columns-is-layout-flex\"><div class=\"wp-block-column is-layout-flow wp-block-column-is-layout-flow\" style=\"flex-basis:100%\"><p style=\"text-align: center;\"><strong><a href=\"https:\/\/cantachimutri.org\/wp-content\/uploads\/2024\/02\/RESERVA-PLAZA-2024_2025-Can-ta-Chimutri.pdf\" target=\"_blank\" rel=\"noreferrer noopener\" data-type=\"URL\" data-id=\"https:\/\/cantachimutri.org\/wp-content\/uploads\/2022\/01\/220105_ProtocoloActuacion-CanTaChimutri.pdf\" data-rich-text-format-boundary=\"true\">Descargue la Hoja de Reserva de Plaza en nuestra Escuela &#8211; Curso 2024\/2025<\/a><\/strong><\/p>\n<div class=\"WordSection1\">\n<p class=\"xmsonormal\">La Hoja de Reserva de Plaza se deber\u00e1 remitir, una vez cumplimentada y formalizado el pago, al email: <a href=\"mailto:eiinterculturalcantachimutri@presenciagitana.org\" target=\"_blank\" rel=\"noopener\">eiinterculturalcantachimutri@presenciagitana.org<\/a>\u00a0<\/p>\n<\/div>\n<p><strong>Las tarifas, para el curso 2024\u20132025, son las siguientes<\/strong>:<\/p>\n<p><strong>-La Cuota de Escolaridad del Primer ciclo (0-3 a\u00f1os)<\/strong> se establece en funci\u00f3n de los ingresos de la unidad familiar: 1) para aquellas cuyos ingresos superen los 40.000\u20ac brutos\/anuales, la Cuota ser\u00e1 de 368\u20ac mensuales, sin incluir comedor ni material; 2) para aquellas cuyos ingresos sean inferiores, la Cuota se ve reducida, seg\u00fan baremo.<\/p>\n<p>El importe de la cuota por el servicio de comedor ser\u00e1 de 120\u20ac mensuales*.<\/p>\n<p>El importe de la cuota en concepto de material ser\u00e1 de 8\u20ac mensuales.<\/p>\n<p><strong>-La Cuota de Escolaridad del Segundo ciclo (3-6 a\u00f1os)<\/strong> es de 445\u20ac mensuales, incluido comedor* y material.<\/p>\n<p>*Ofrecemos men\u00fa vegano, con un coste de 173,00 euros mensuales.<\/p>\n<p>Igualmente, nuestra Escuela beca el importe de la cuota de escolaridad a alumnos y alumnas en riesgo de exclusi\u00f3n social. Puede contactarnos si desea optar a una de nuestras becas.<\/p>\n<p>La Escuela permanece abierta en los per\u00edodos vacacionales de Navidad y Semana Santa, sin ning\u00fan coste a\u00f1adido a la cuota de escolaridad mensual.<\/p>\n\n<p><\/p><\/div><\/div><p><\/p>","protected":false},"excerpt":{"rendered":"<p>Descargue la Hoja de Reserva de Plaza en nuestra Escuela &#8211; Curso 2024\/2025 La Hoja de Reserva de Plaza se deber\u00e1 remitir, una vez cumplimentada y formalizado el pago, al email: eiinterculturalcantachimutri@presenciagitana.org\u00a0 Las tarifas, para el curso 2024\u20132025, son las siguientes: -La Cuota de Escolaridad del Primer ciclo (0-3 a\u00f1os) se establece en funci\u00f3n de&hellip; <a class=\"more-link\" href=\"https:\/\/cantachimutri.org\/?page_id=312\">Seguir leyendo <span class=\"screen-reader-text\">Reserva de plaza<\/span><\/a><\/p>\n","protected":false},"author":1,"featured_media":0,"parent":0,"menu_order":0,"comment_status":"closed","ping_status":"closed","template":"","meta":{"_uag_custom_page_level_css":"","footnotes":""},"class_list":["post-312","page","type-page","status-publish","hentry","entry"],"jetpack_sharing_enabled":true,"uagb_featured_image_src":{"full":false,"thumbnail":false,"medium":false,"medium_large":false,"large":false,"1536x1536":false,"2048x2048":false,"post-thumbnail":false,"woocommerce_thumbnail":false,"woocommerce_single":false,"woocommerce_gallery_thumbnail":false},"uagb_author_info":{"display_name":"admin","author_link":"https:\/\/cantachimutri.org\/?author=1"},"uagb_comment_info":0,"uagb_excerpt":"Descargue la Hoja de Reserva de Plaza en nuestra Escuela &#8211; Curso 2024\/2025 La Hoja de Reserva de Plaza se deber\u00e1 remitir, una vez cumplimentada y formalizado el pago, al email: eiinterculturalcantachimutri@presenciagitana.org\u00a0 Las tarifas, para el curso 2024\u20132025, son las siguientes: -La Cuota de Escolaridad del Primer ciclo (0-3 a\u00f1os) se establece en funci\u00f3n de&hellip;&hellip;","_links":{"self":[{"href":"https:\/\/cantachimutri.org\/index.php?rest_route=\/wp\/v2\/pages\/312","targetHints":{"allow":["GET"]}}],"collection":[{"href":"https:\/\/cantachimutri.org\/index.php?rest_route=\/wp\/v2\/pages"}],"about":[{"href":"https:\/\/cantachimutri.org\/index.php?rest_route=\/wp\/v2\/types\/page"}],"author":[{"embeddable":true,"href":"https:\/\/cantachimutri.org\/index.php?rest_route=\/wp\/v2\/users\/1"}],"replies":[{"embeddable":true,"href":"https:\/\/cantachimutri.org\/index.php?rest_route=%2Fwp%2Fv2%2Fcomments&post=312"}],"version-history":[{"count":16,"href":"https:\/\/cantachimutri.org\/index.php?rest_route=\/wp\/v2\/pages\/312\/revisions"}],"predecessor-version":[{"id":568,"href":"https:\/\/cantachimutri.org\/index.php?rest_route=\/wp\/v2\/pages\/312\/revisions\/568"}],"wp:attachment":[{"href":"https:\/\/cantachimutri.org\/index.php?rest_route=%2Fwp%2Fv2%2Fmedia&parent=312"}],"curies":[{"name":"wp","href":"https:\/\/api.w.org\/{rel}","templated":true}]}}